at is o(-83)?
11
Let v(q) = q**3 - 69*q**2 + 75*q - 446. What is v(68)?
30
Let d(w) = -3582*w - 171930. Give d(-48).
6
Let z(r) = -3*r**2 - 55*r + 24. Calculate z(0).
24
Let d(n) = -9*n**2 - 73*n + 183. Calculate d(-10).
13
Let q(v) = v**3 + 12*v**2 + 19*v + 13. Determine q(-9).
85
Let n(s) = -s**2 + 77*s - 1216. Determine n(55).
-6
Let h(u) = 3*u**3 - 83*u**2 - 79*u + 1434. Give h(28).
6
Let c(s) = -227*s + 2950. Give c(13).
-1
Let b(l) = 65*l**3 - 2*l. What is b(1)?
63
Let c(k) = -495*k - 1865. Give c(-4).
115
Let z(y) = y**3 - 4*y**2 + 2*y - 57. Calculate z(6).
27
Let m(d) = -6*d + 96. Determine m(13).
18
Let o(b) = 4*b**2 + 257*b + 89. What is o(-64)?
25
Let n(k) = -k**2 - 273*k + 1103. Give n(4).
-5
Let i(h) = -h**3 - 21*h**2 - 30*h + 148. Give i(-19).
-4
Let d(g) = 2*g**2 - 37*g + 40. Calculate d(18).
22
Let f(t) = -t**3 - 252*t**2 - 1037*t - 11168. Determine f(-248).
-8
Let x(f) = 1158*f + 5796. Calculate x(-5).
6
Let m(r) = 2*r**3 - 55*r**2 - 77*r + 13. What is m(29)?
303
Let f(n) = -278*n + 1627. Give f(6).
-41
Let q(n) = 1928*n - 25066. What is q(13)?
-2
Let h(u) = -2*u + 3. Determine h(-17).
37
Let p(l) = 189*l**2 + 418*l - 8. What is p(-2)?
-88
Let r(g) = 27*g + 1004. Give r(-37).
5
Let f(l) = -l**2 + 41*l + 144. What is f(42)?
102
Let w(p) = -2*p**3 - 3*p**2 + 3*p + 18. Determine w(2).
-4
Let j(u) = u**3 - 2*u**2 - 66*u + 259. Determine j(4).
27
Let v(h) = 73*h - 526. Calculate v(7).
-15
Let u(z) = -90*z - 3247. Give u(-38).
173
Let k(u) = 2626*u - 10494. Give k(4).
10
Let z(g) = 2*g**3 + 4*g**2 + 16*g + 27. What is z(-2)?
-5
Let j(g) = -g**3 + 27*g**2 + 5*g - 703. Calculate j(26).
103
Let b(o) = 5*o**2 + 92*o - 402. Calculate b(4).
46
Let v(w) = -23*w - 695. Calculate v(-31).
18
Let x(u) = u**3 - 29*u - 34. Calculate x(7).
106
Let n(u) = 8*u**3 - 8*u + 9. What is n(1)?
9
Let r(c) = -2*c**3 + 33*c**2 + 21*c - 73. Give r(17).
-5
Let b(r) = -r**2 + 29*r - 138. Give b(22).
16
Let l(t) = t**3 + 11*t**2 - 3*t - 7. Give l(-9).
182
Let q(s) = 3*s**2 - 245*s - 1554. Calculate q(-6).
24
Let a(i) = -158*i**2 + 7901*i - 54. Give a(50).
-4
Let g(t) = -t**3 + 4*t**2 + 35*t + 5. Calculate g(-4).
-7
Let x(t) = t**2 + 40*t - 612. Give x(-52).
12
Let y(z) = -12*z**2 + 34*z + 1100. Calculate y(11).
22
Let b(f) = -2*f**3 + 43*f**2 - 15*f + 414. What is b(21)?
540
Let d(j) = -j**3 + 41*j - 87. Calculate d(2).
-13
Let f(a) = 8*a**2 - 159*a + 394. Give f(17).
3
Let g(u) = 18*u**2 + 31*u + 108. What is g(-3)?
177
Let b(l) = -2*l**3 - 74*l**2 - 3*l - 109. Calculate b(-37).
2
Let l(k) = 696*k - 7665. Calculate l(11).
-9
Let p(r) = 78*r + 1172. Determine p(-13).
158
Let t(f) = 4*f**2 - 67*f + 237. Determine t(11).
-16
Let o(d) = d**3 + 20*d**2 + 82*d + 62. Determine o(-12).
230
Let l(b) = 2*b**3 + 6*b**2 + 14*b + 9. What is l(-5)?
-161
Let s(t) = t**2 - t - 221. What is s(-12)?
-65
Let g(i) = -53*i - 155. Give g(-3).
4
Let n(x) = 88*x + 129. What is n(-5)?
-311
Let v(s) = -37*s**2 + 28*s + 28. Calculate v(2).
-64
Let n(k) = -175*k - 872. Calculate n(-5).
3
Let p(z) = -z**3 - 73*z**2 - 726*z + 370. Determine p(-61).
4
Let l(m) = -5*m**2 + 59*m - 1. Give l(10).
89
Let r(l) = -180*l**2 - 712*l + 6. Give r(-4).
-26
Let u(s) = 65*s**2 - 6*s + 8. What is u(1)?
67
Let v(p) = -48*p - 272. Calculate v(-21).
736
Let j(g) = -132*g + 469. Calculate j(7).
-455
Let t(k) = -23*k**2 - 35*k - 13. What is t(-5)?
-413
Let w(p) = -p**3 - 5*p**2 - 19*p - 15. Determine w(-8).
329
Let a(t) = -6*t**2 - 64*t + 8. Determine a(-11).
-14
Let f(u) = u**3 - 21*u**2 + 91*u - 2. What is f(6)?
4
Let d(s) = 2*s**2 + 84*s + 222. Determine d(-39).
-12
Let b(j) = -34*j**3 - j**2 + 3*j + 1. Give b(2).
-269
Let t(v) = -3*v**2 + 8*v + 92. Determine t(6).
32
Let a(y) = y**2 + 55*y + 343. Calculate a(-10).
-107
Let h(c) = -64*c - 25. What is h(-4)?
231
Let i(o) = 1346*o + 1353. Determine i(-1).
7
Let h(c) = 2*c**3 + 35*c**2 - 94*c - 30. Determine h(-20).
-150
Let t(m) = -5*m**3 - 1073*m**2 - 643*m - 247. Give t(-214).
-33
Let v(s) = 855*s - 41025. Give v(48).
15
Let j(x) = x**3 + 9*x**2 + 56*x + 552. What is j(-9)?
48
Let r(i) = -9*i**2 + 71*i - 255. What is r(4)?
-115
Let k(c) = -32*c**2 - 13*c + 14. Determine k(1).
-31
Let r(l) = 14*l - 22. Determine r(15).
188
Let d(m) = 2*m**2 - 185*m + 538. Determine d(89).
-85
Let q(b) = 16*b + 279. What is q(11)?
455
Let y(f) = -3*f + 91. What is y(22)?
25
Let h(o) = -746*o - 2243. Determine h(-3).
-5
Let n(i) = 25*i + 15. Calculate n(4).
115
Let t(h) = -19*h**2 - 1248*h + 142. Give t(-66).
-254
Let v(k) = k**3 - 110*k**2 - 116*k + 558. What is v(111)?
3
Let l(p) = -264*p + 10810. Determine l(41).
-14
Let b(k) = 11*k**2 + 7*k - 151. Determine b(4).
53
Let s(a) = -a**2 + 78*a - 1473. Determine s(36).
39
Let c(u) = 2*u**3 + 20*u**2 + 22*u - 18. Give c(-9).
-54
Let j(y) = y**3 - 4*y**2 - 5*y - 19. Calculate j(6).
23
Let u(t) = -30*t + 147. Determine u(4).
27
Let o(y) = -152*y**2 - 1064*y + 3. Give o(-7).
3
Let z(i) = 749*i - 2040. What is z(3)?
207
Let i(w) = -19*w**3 + 12*w**2 - 9*w - 3. Determine i(1).
-19
Let q(r) = -139*r + 4535. Calculate q(33).
-52
Let l(r) = 693*r + 51987. Calculate l(-75).
12
Let o(x) = -x**2 + 54*x - 716. Calculate o(23).
-3
Let u(q) = q**2 - 996*q - 12101. Give u(-12).
-5
Let r(j) = -40*j - 184. Give r(-4).
-24
Let p(t) = -2*t**3 + 10*t**2 + 3*t - 13. Calculate p(5).
2
Let m(b) = 413*b**2 - 9083*b - 73. Determine m(22).
-7
Let m(s) = -s**2 - 31*s - 251. Determine m(-16).
-11
Let d(a) = -131*a - 2221. What is d(-17)?
6
Let q(p) = 42*p**2 + 88*p - 344. Determine q(4).
680
Let t(q) = -510*q - 4596. Give t(-9).
-6
Let v(b) = -b**3 - 3*b**2 + 13*b + 37. What is v(-6)?
67
Let x(d) = 1402*d + 15451. Calculate x(-11).
29
Let j(o) = -o**2 - 60*o - 122. Give j(-57).
49
Let n(c) = -3*c**2 + 356*c + 1249. Calculate n(122).
29
Let w(k) = k**3 - 19*k**2 - 8*k + 7. What is w(17)?
-707
Let z(y) = -239*y**2 + 1675*y - 1. What is z(7)?
13
Let l(s) = -2*s**2 + 32*s + 103. Calculate l(-3).
-11
Let n(r) = 3*r**3 - 18*r**2 + 19*r - 90. Give n(6).
24
Let q(v) = -25*v + 1370. Give q(55).
-5
Let t(v) = 24*v**2 + 314*v + 11. Determine t(-13).
-15
Let d(l) = -1382*l + 2752. Determine d(2).
-12
Let v(p) = -p**2 + 211*p + 13670. Calculate v(-52).
-6
Let b(u) = -46*u**2 - 7*u - 11. Calculate b(-1).
-50
Let c(h) = -392*h + 15. What is c(1)?
-377
Let t(k) = -k**3 - 19*k**2 - 30*k + 88. Calculate t(-17).
20
Let n(m) = -m**2 - 412*m + 4588. Calculate n(11).
-65
Let l(u) = 4361*u + 61055. Give l(-14).
1
Let g(z) = -111*z - 548. Calculate g(-5).
7
Let l(w) = -w**3 + 14*w + 39. What is l(-4)?
47
Let v(f) = f**2 + 27*f - 1. Give v(-27).
-1
Let f(w) = w**2 - 59*w - 122. Calculate f(-2).
0
Let f(z) = -433*z - 12573. What is f(-29)?
-16
Let z(y) = 390*y + 5113. What is z(-13)?
43
Let p(o) = 25*o + 4097. Calculate p(-164).
-3
Let a(b) = b**3 + 24*b**2 - 43*b + 118. Give a(-26).
-116
Let j(r) = -r**2 - 52*r + 14709. What is j(-150)?
9
Let i(h) = 29*h - 658. Give i(23).
9
Let d(s) = -s**3 + 24*s**2 - 5*s + 116. What is d(24)?
-4
Let r(y) = 184*y + 194. Give r(-1).
10
Let i(f) = -56*f**2 + 11*f - 11. Determine i(1).
-56
Let a(j) = -j**2 - 13*j + 10. Give a(9).
-188
Let f(x) = x**3 - 7*x**2 + 6*x - 2. Give f(5).
-22
Let k(y) = 91*y - 2000. Determine k(22).
2
Let m(z) = z**2 - 22*z - 61. Calculate m(-9).
218
Let o(m) = -788*m + 3109. Calculate o(4).
-43
Let j(n) = -12*n**2 + 34*n - 94. Determine j(3).
-100
Let s(a) = 122*a + 2072. Calculate s(-17).
-2
Let z(n) = 30*n**2 + 5. Give z(-2).
125
Let n(y) = -3*y**2 - 59*y + 301. Calculate n(-24).
-11
Let m(d) = -5*d**3 - 2*d**2 + 39*d - 10. Calculate m(4).
-206
Let v(g) = g**2 - 17*g + 93. Determine v(22).
203
Let p(o) = -429*o + 6879. What is p(16)?
15
Let j(c) = -4*c**2 - 206*c - 167. Give j(-50).
133
Let j(u) = u**3 + 7*u**2 - 136*u + 128. What is j(-16)?
0
Let a(t) = 89*t**3 + 442*t**2 - 19*t - 24. What is a(-5)?
-4
Let v(l) = 10*l**2 + 571*l - 488. What is v(-58)?
34
Let c(k) = -24*k**2 - 33*k + 139. Determine c(-6).
-527
Let f(h) = -2*h**3 - 386*h**2 + 3218*h + 340. Calculate f(-201).
-62
Let i(x) = 84*x + 301. Determine i(-3).
49
Let d(j) = -33*j - 1581. Calculate d(-48).
3
Let i(r) = r**3 + 6*r**2 + 6*r + 6. Determine i(-2).
10
Let u(d) = -295*d**2 - d - 2. Give u(-1).
-296
Let h(r) = -888*r - 7601. Calculate h(-9).
391
Le